24) - 4/6. Suppose a*z = -0 - 6, 4*z + 8 = 5*o. Suppose 0 = -3*l + b + 63, -l + 5*b = -o*l - 21. What is the units digit of l?
1
Let o(c) = -1254*c - 4 + 0 + 1248*c. Let p be o(1). Let u(b) = b**3 + 11*b**2 - 7. What is the units digit of u(p)?
3
Let p(x) be the third derivative of x**5/10 + 25*x**4/24 - 4*x**3 + 67*x**2 + 2. What is the tens digit of p(10)?
2
Suppose 51*f - 606904 = -81604. What is the units digit of f?
0
What is the ten thousands digit of (-879528)/(-21) - (-500)/700?
4
Suppose -13 + 3 = -5*l. Let a(u) = u**3 - 40*u**2 + 3*u - 155. Let p be a(40). What is the units digit of (1 - (-21)/p)/(l/230)?
6
Suppose 1819*o + 51 = 1820*o. Let q be (-3 + 2)/((-1)/2). Suppose -o = -c - a, -45 = -c - 3*a + q. What is the units digit of c?
3
Suppose -3*w - 3*j = -120, 4*w + 0*w - 2*j = 130. Suppose 2*q + 486 = -0*c + 4*c, -2*q = 6. Suppose r = c + w. What is the hundreds digit of r?
1
Let n(g) = 334*g - 81. What is the units digit of n(7)?
7
Let d be (26/(-39))/((-1)/(-72) - 0). Let f = d + 192. Suppose 6*t - 3*t - f = 0. What is the tens digit of t?
4
Let z(s) = 21*s - 5. Let h(g) = -3*g - 24. Let w be h(-11). Let u(k) = -k**2 + 9*k + 3. Let y be u(w). What is the tens digit of z(y)?
5
Let k be -8*55 - 14/(-2). Let s = 1301 + k. What is the units digit of s?
8
Suppose -7*n = -13*n - 72. What is the units digit of -15*760/36*n/8?
5
Suppose h = -4*a + 77174 - 19721, 3*a = 4*h - 229945. What is the thousands digit of h?
7
Let l(s) be the first derivative of s**5/10 - 3*s**4/4 + s**3 + 7*s**2 - 14*s + 28. Let w(k) be the first derivative of l(k). What is the tens digit of w(6)?
5
Let m(v) = 4*v**3 - 7*v**2 - 5*v + 12. Suppose -c = 4*i - 3*c - 20, 2*i + 4*c - 20 = 0. What is the tens digit of m(i)?
9
What is the tens digit of ((-468938)/(-185))/(14/35)?
3
Let l = -160 - -162. What is the units digit of (-11352)/(-33) + -1 + (2 - l)?
3
Let r(q) = -1088*q + 589. What is the hundreds digit of r(-4)?
9
Let t(a) = 152*a + 2. Let v be t(1). Suppose 3 + 18 = 3*u. Suppose -u*d = -v - 49. What is the tens digit of d?
2
Let b(g) = 6*g - 13. Let d = 20 + -14. Suppose 6*i = o + 3*i - d, -12 = -3*i. What is the tens digit of b(o)?
9
Suppose -12*q = -157215 - 142749. What is the thousands digit of q?
4
Suppose -r = -3*o - 62024, 24469 = 2*r + 3*o - 99507. What is the hundreds digit of r?
0
Suppose 12187 + 31129 = 45*p - 46774. What is the tens digit of p?
0
Let o = -14 + 42. Let d = o - 21. Suppose d*w - 3*w = 144. What is the tens digit of w?
3
Suppose -4*v - 13*t + 146128 = -11*t, -v = -t - 36523. What is the hundreds digit of v?
5
Suppose 4*h = -q - 3021, 11 = 2*q + 21. Let k = h + 1308. What is the hundreds digit of k?
5
Let m(c) = 2*c**2 + 3 - 2 - 2*c + 11. Let f be (-99)/(-18) - 1/(-2)*-3. What is the units digit of m(f)?
6
Suppose 0 = 3*f - 6, 451*b - 455*b - f + 34746 = 0. What is the units digit of b?
6
Let a be (-11)/((-33)/1734) - -6. Let p = a + -158. What is the units digit of p?
6
Let c(h) = -h**2 - h + 1. Let b be 2*3*1/(-6). Let d be c(b). What is the tens digit of 4 + 202/(1 + d)?
0
What is the thousands digit of (9693/12)/(3 - ((-234)/(-80) + 0))?
0
Let j = -1411 + 1448. Let q = -2 - -2. Suppose q*k - j = -k. What is the tens digit of k?
3
Let b = -2 - 14. Let v(p) = 17*p**2 + p. Let g(z) = 49*z**2 - 19*z - 55. Let n(m) = -g(m) + 3*v(m). What is the hundreds digit of n(b)?
2
Let q = 4743 - -16070. What is the ten thousands digit of q?
2
Suppose 0 = 2*q - 4*v - 2680, -8*q + 13377 = 2*q + 3*v. What is the thousands digit of q?
1
Suppose -6*m + 246 = 282. Let h(b) = -2*b**3 - 7*b**2 + 15*b + 49. What is the units digit of h(m)?
9
Let l be (-4)/10 + (-54)/(-10). Let d be (-3530)/(-1 - 9) - 10. What is the units digit of d/4 + l/20?
6
Let w = -21955 - -60892. What is the ten thousands digit of w?
3
Suppose -8*k + 3*s + 230127 = 0, -27*s = -26*s + 5. What is the hundreds digit of k?
7
Suppose u - u + 28740 = 10*u. What is the units digit of u?
4
Let v = -87999 + 147745. What is the ten thousands digit of v?
5
Let b be ((-42)/24)/((-2)/16). Let r(g) = -51*g**2 + 9 + g + 50*g**2 + b*g - 2*g. What is the units digit of r(12)?
1
What is the thousands digit of (-1 - 0)*(204/12 - 5798)?
5
Let p(s) = 2*s**3 - 3*s**2 + 3*s + 2. Let j be p(2). Suppose 2*a + a - 3*u = j, 0 = -a - 5*u - 26. What is the units digit of (12/(-18) - a) + 616/6?
3
What is the units digit of 256/3712 - (-222921)/29?
7
Let q(g) = -2*g**2 + 10*g + 31. Let j be q(7). Suppose 563 = j*o - 70. Suppose -3*s + 183 = 2*l - 265, 0 = l - 5*s - o. What is the hundreds digit of l?
2
Let b(u) = u**2 + 4*u - 10. Let c(i) = i**2 - 9*i + 9. Let j be c(8). Suppose -4*w - 2*m = -28, w + m - j = 6. What is the tens digit of b(w)?
6
What is the units digit of (0 - -1) + (1 - -42)*86?
9
What is the units digit of (992/3)/(10/630*7)?
6
Suppose 17 = -n - 4*b + 70, 96 = 2*n + 3*b. Let c be 1/(n/23 + (-8)/4). Let u = c + 26. What is the units digit of u?
3
Let b(m) = m**2 - 10*m + 14. Let p be b(10). Let i(t) = -t**3 + 13*t**2 + 14*t + 13. Let f be i(p). Suppose 0 = j - f - 42. What is the units digit of j?
5
Let w = 4047 - 2499. What is the hundreds digit of w?
5
Let i be (-12 - -13)/(2/(-22)). Let h = i + -14. Let m = h + 214. What is the units digit of m?
9
Let y = -9611 + 15455. What is the hundreds digit of y?
8
Suppose 2*y + 2*w = 7*y - 3319, -2*y = -5*w - 1336. Let d = y - 186. What is the hundreds digit of d?
4
Let u = 6 - -830. Let a = u + -385. What is the tens digit of a?
5
Suppose -5*h = -3*h - 3*t + 4, 4*h = t + 2. What is the units digit of ((-590)/20)/(h/(-2))?
9
Let c(m) = -m**2 + 8*m + 9. Let w be c(9). Let x(f) = f - 7*f**2 + 10*f**2 - 7*f**2 + 3*f**3 + 2 + w*f**3. What is the tens digit of x(2)?
1
Let l(a) = a**3 - a**2 + a - 1. Let i(q) = 17*q**3 + 3*q**2 + 2*q - 1. Let g(b) = -i(b) + 2*l(b). What is the tens digit of g(-2)?
9
What is the tens digit of 783195/81 - ((-2892)/324 - -9)?
6
Let j = -99723 + 149201. What is the thousands digit of j?
9
Suppose 17*b + 7*b = 805872. What is the hundreds digit of b?
5
Suppose -5*u - 2*r - 3*r + 390 = 0, 2*u - 3*r = 156. Suppose u*j = 80*j - 574. What is the tens digit of j?
8
What is the tens digit of -27549*(75/18)/(-25)*2?
8
Suppose -78*s + 141681 = -186196 - 11813. What is the thousands digit of s?
4
Let h(b) = 658*b + 37555. What is the tens digit of h(0)?
5
Suppose -3*w + 50886 = 4*v, 0 = -2*v + 1521*w - 1518*w + 25434. What is the ten thousands digit of v?
1
Let y = 6800 + -6798. Let a(g) = g**3 - 5*g**2 + 2*g + 5. Let u be a(5). Suppose -196 = -y*q - 4*o, o = 4*o + u. What is the hundreds digit of q?
1
Let x be (-20 + 18)*(-11)/(-1). What is the units digit of (-8481)/x - 3/6?
5
Suppose -3*g - 1 = 2*i - 8*g, -8 = -3*i - 2*g. Suppose 758 = i*m - z, -20*m - z = -15*m - 1881. What is the tens digit of m?
7
What is the ten thousands digit of -318*((-10090)/60 - 7)?
5
What is the tens digit of 224/12*((-1539)/36)/(-3)?
6
Let a(m) = -89*m - 28. Let f be a(-9). Suppose -4*l = 2*t + l - f, 3*t = -2*l + 1154. What is the units digit of t?
4
What is the hundreds digit of 44 + 15098 + -1 + 0?
1
Let m = 20 - -21. Let k = m + -34. Suppose 3*i = -x + 95, -k*i = -x - 2*i + 95. What is the units digit of x?
5
Suppose 5*y + 129 = -o, -o = y - 4*o + 29. What is the units digit of (-18)/(-234) + (-310)/y?
2
Suppose 0 = 3*i + 34 - 52. Suppose i*n - 42 = 66. Suppose -20*r + n*r + 34 = 0. What is the units digit of r?
7
Let t(l) = l**3 + 2*l**2 - 17*l + 40. Let y be t(16). What is the hundreds digit of (4/8)/(2 - 8748/y)?
5
Let n(z) = z**2 + 8*z - 12. Let i be n(-10). Let w(x) = -2*x**2 + 17*x - 14. Let y be w(i). Let l(r) = -r**2 - 12*r + 5. What is the tens digit of l(y)?
4
Suppose g + 2 = -3*x + 10, 0 = 3*x - 4*g + 2. Suppose 107 - 279 = -x*q. What is the tens digit of q?
8
Suppose 6*j + 515 - 1721 = 0. Let q = j - 30. What is the hundreds digit of q?
1
Suppose 0 = 2*z + 5*b - 23, -2 = -5*b + 13. Suppose 1764 = z*c + 8*c. What is the units digit of c?
7
Suppose -2*h = 3*a - 4829, -3*a + 8*a + 5*h - 8045 = 0. Suppose 12*m = 3837 + a. What is the tens digit of m?
5
Let j(s) = s**2 + 32*s - 95. Let w be j(34). Let h = w - 1435. What is the tens digit of h?
1
Suppose 4*v + 29596 = j, 5*j - v - 210323 + 62476 = 0. What is the thousands digit of j?
9
Let r(